 5*j. Suppose -6*k + 52 = -n*k. Is k a multiple of 13?
True
Let n be (-6)/24 - (-63)/(-4) - 0. Let o(y) = -y**3 - 15*y**2 + 12*y + 1. Is o(n) a multiple of 34?
False
Suppose 12*w - 4850 + 2054 = 0. Does 21 divide w?
False
Let l = -266 - 16. Let i = l + 436. Is 14 a factor of i?
True
Let s = 623 + -266. Does 49 divide s?
False
Let p(u) = u**2 - 19*u + 18. Let z be p(20). Let i = 14 + z. Does 12 divide i?
False
Let g(l) = -l**2 + 38*l + 8. Does 21 divide g(27)?
False
Let o(q) = -q**2 - q + 12*q**2 - 8*q**2. Is o(-6) a multiple of 27?
False
Is 2 a factor of (-4 - (-568)/16) + (-2)/4?
False
Suppose -2259 - 1381 = -26*g. Is g a multiple of 2?
True
Suppose 4*a = 8*a + 5*n - 332, -444 = -5*a + n. Is a a multiple of 8?
True
Suppose -3*l = -5*w - 7, -4*w = l + 18 + 8. Let a be ((-21)/l - 0)*6. Let u = a - -45. Is 22 a factor of u?
True
Let f(v) = 85*v + 34. Is 4 a factor of f(2)?
True
Let d be 2/10 - (-3)/(-15). Is (-3 + d + 2)*-42 a multiple of 7?
True
Suppose 19*o - 6*o = -39. Let k(c) = 50*c. Let y be k(-1). Is 11 a factor of (-670)/y - o/5?
False
Suppose 734 = -5*v - 646. Is 19 a factor of v*(-4)/8 + 0?
False
Suppose -5*q + v + 2198 = 490, 2*q - 676 = 4*v. Is q a multiple of 18?
True
Let k be ((-3)/9)/((-1)/93). Suppose 56 = -3*b - k. Let u = 5 - b. Does 11 divide u?
False
Let z be (2/6)/((-4)/204). Let j = 26 + z. Does 9 divide j?
True
Suppose m - 2*m = -6. Let i be 9/(-18)*(-448)/1. Suppose o + m*o = i. Is 9 a factor of o?
False
Let l = -976 - -1430. Let f = l + -311. Does 13 divide f?
True
Let n(j) = -j**3 + 32*j**2 - 28*j - 2. Does 3 divide n(31)?
False
Suppose -2916 = c - 13*c. Is c a multiple of 9?
True
Let i = -66 + 68. Is 16 a factor of ((-505)/(-25))/(i/10)?
False
Let z be 1/(-5)*(-159 - -4). Let l = z - 22. Let u = 17 + l. Does 13 divide u?
True
Suppose 0 = 6*r - 1358 - 1162. Is 30 a factor of r?
True
Let k(o) = -o**2 - 4*o + 7. Let h be k(-5). Suppose -3*v = v. Suppose 0 = h*q - l - 113 + 37, -2*q - l + 76 = v. Is q a multiple of 19?
True
Is ((-5328)/1184)/((2/16)/(-1)) a multiple of 6?
True
Let j(h) = -h**3 + 11*h**2 + 7*h + 36. Is j(10) a multiple of 3?
False
Is 13 a factor of (-6 + 11 - -812) + -3?
False
Let o(f) = 4*f - 2. Let t be o(-2). Let b(w) = -2*w + 5*w - 19*w - 7 - w**2. Is b(t) a multiple of 16?
False
Let j(g) = 38*g**2 - 48*g**2 - 64*g + 40 + 10*g. Let o(h) = -7*h**2 - 36*h + 27. Let n(a) = 5*j(a) - 7*o(a). Is 23 a factor of n(-9)?
True
Let g = 534 + 330. Is g a multiple of 32?
True
Suppose -34*f - 7878 = -47*f. Is f a multiple of 6?
True
Let t be (-5)/(-4)*144/(-12). Let q(h) = h**2 + 14*h + 33. Does 8 divide q(t)?
True
Let q be 12/(-5)*(-195)/26. Let c = 138 - q. Is c a multiple of 6?
True
Let d = -860 + 964. Is 8 a factor of d?
True
Let p = -883 - -1130. Is p a multiple of 13?
True
Is 6 + -1 - 3/((-9)/1956) a multiple of 65?
False
Let y(q) = q**3 - 4*q**2 - 7*q + 3. Let x be y(5). Let g(n) = n**3 + 8*n**2 - 2*n + 3. Let f be g(x). Suppose m + 2*m - f = 0. Does 12 divide m?
False
Suppose 6*o = 4*o. Suppose o = 4*b + 21 - 1001. Suppose -4*t = t - b. Is 19 a factor of t?
False
Suppose -7*g - 70 = -0*g. Let o = -4 - g. Is 6 a factor of o?
True
Let g = 2138 + -1381. Is g a multiple of 15?
False
Suppose 5*x - 21 = 2*o, x + 1 + 0 = 3*o. Let r(w) = -6*w + 6*w + 3*w**3 - w**o + 4. Is 20 a factor of r(3)?
False
Let z(u) = -u**2 + 73*u + 4. Does 16 divide z(20)?
False
Let o = 583 + -401. Is 2 a factor of o?
True
Let q = 309 + -169. Suppose 0*v = v - q. Is 35 a factor of v?
True
Let o = 8 - 12. Let x be (16/(-10))/(o/2910). Does 5 divide (-4)/10 - x/(-60)?
False
Suppose -575 + 4315 = 10*p. Does 22 divide p?
True
Let a = 3395 - 2407. Does 38 divide a?
True
Let b(n) be the second derivative of -19*n**3/6 - 7*n**2/2 - 2*n. Does 31 divide b(-8)?
False
Let t(a) = -5 + 5*a + 2*a**3 - a**2 - 9*a**3 + 8*a**3. Let g be ((-8)/12)/(2/(-12)). Does 21 divide t(g)?
True
Suppose -i = -x - 3*x - 9, -3*i + 14 = x. Let w be i/(20/(-12)) + -45. Let k = -15 - w. Is 11 a factor of k?
True
Let f(o) = -2*o + 28. Let g be f(-23). Let j be -2 + 3 - -1 - 0. Suppose 4*n = 5*t + g, 0 = -n + 3*n + j*t - 46. Is 7 a factor of n?
True
Let a be 3*(-6)/(-45) + 3951/(-15). Does 15 divide a/5*(-4 + -1)?
False
Suppose -64 = -5*k + 411. Is k a multiple of 2?
False
Suppose 5*q = 4*s - 1553, -776 = 4*s - 6*s + 2*q. Is 16 a factor of s?
False
Let u(f) = f**2 - 6*f + 6. Let y be u(5). Let s be ((-99)/6)/(y/10). Let r = s + 280. Is r a multiple of 38?
False
Suppose 0 = -47*g + 9*g - 7030. Suppose 2*j + 6 = -0*j + 3*w, 0 = 2*j - w + 6. Does 25 divide g*(j + (-26)/(-10))?
False
Let b = -1146 - -3338. Is b a multiple of 8?
True
Suppose -3*i - 14 = -b, -2*b + 4*i + 25 = -i. Suppose -5*j + 4*x = -210, j - 3 - 39 = -b*x. Is j a multiple of 5?
False
Let x = 907 - 1. Is (x/15 - -4) + (-6)/(-10) a multiple of 35?
False
Let y be (1 + 12)/((-28)/(-8) - 3). Does 34 divide 12/(-6) + y*4?
True
Let r = 1099 + -1016. Is r a multiple of 3?
False
Let d = -222 - -597. Is 51 a factor of d?
False
Suppose 49 = 4*z + 3*i, -5*z - i + 56 = i. Let c(s) = -4*s**3 - 9*s**2 + s - 6. Let l be c(-7). Does 15 divide (l/45)/(4/z)?
False
Let n be (-3 - -1) + 5 + -1. Suppose n*w + 207 = 4*i - 209, -i + 106 = -w. Is 17 a factor of i/(1 + 1/1)?
True
Suppose -x + 16962 = 21*x. Is x a multiple of 8?
False
Suppose -5*q = 5*b - 1280, -q - 13*b = -8*b - 244. Does 37 divide q?
True
Suppose 2*i - 1608 - 215 = g, -4*g - 12 = 0. Does 16 divide i?
False
Is 10 a factor of 8/5 + 102296/190?
True
Let f(o) = -3*o**2 + 4*o + 4. Let c(h) = -10*h**2 + 11*h + 12. Let q(r) = -2*c(r) + 7*f(r). Let s be q(6). Is 11 a factor of 93/3 + s/(-2)?
False
Let w(f) = -3*f + 9. Let c be w(4). Does 7 divide (-40)/(-6) - c/9?
True
Suppose -2 = 2*o - 4*o. Let h be -7*(-1)/o - 1. Is 196/10 - h/(-15) a multiple of 20?
True
Let o(f) = -18*f**3 + 8*f**2 + 6*f + 4. Is o(-2) a multiple of 24?
True
Let n(o) = -o**3 - 3*o**2 + 5*o. Let f be n(-4). Let v be ((-3)/(-2) + -2)*f. Suppose -v*p + 5*z = -75, 45 = 3*p - 2*z - 73. Does 13 divide p?
False
Suppose 4*x + 5 = 29. Let z be (-28)/x - (-1)/(-3). Is 5 a factor of ((-2)/(-2))/(z/(-25))?
True
Let j = -169 - -369. Suppose -j - 124 = -6*n. Is n a multiple of 27?
True
Suppose 8*x + 4360 = 28*x. Is 9 a factor of x?
False
Let y be -5*4/((-60)/9). Suppose q = 2*a + 6, y*q = -q + 5*a + 15. Suppose 3*s - 2*v + 3*v - 32 = q, -v - 31 = -4*s. Does 6 divide s?
False
Let l = -1632 + 1710. Does 11 divide l?
False
Suppose 26*p - 31*p + 15 = 0. Suppose 0 = -p*d - 2 - 10, 244 = 4*m - d. Is m a multiple of 24?
False
Let o = 1229 - 1059. Does 8 divide o?
False
Let a = 1025 - 969. Is a a multiple of 2?
True
Suppose 4*h = 5*l + 2358 - 9702, 4*h = -4. Is l a multiple of 32?
False
Let a = -40 + 52. Let k(o) = -o**3 + 13*o**2 - 9*o + 21. Is 13 a factor of k(a)?
False
Let o be (-288)/(-30) + 6/15. Suppose -o = -2*f - 3*f. Is 10 a factor of -3 - 23/f*-4?
False
Let f be (3 - 6 - -5) + 122. Suppose -5*z = 3*s - 133, 4*z + 2*s - 4*s = f. Does 3 divide z?
False
Suppose 4*m = -20, -3863 = -3*r - 20*m + 24*m. Is r a multiple of 49?
False
Suppose -11*f - 26 = -290. Is f a multiple of 3?
True
Let g(x) = -x**3 + 13*x**2 + 4*x - 12. Is 14 a factor of g(10)?
False
Suppose -2 = -3*q + c, -2*q - 6 = -3*c + 2. Suppose -3*r - 4*w = -81, -w + 121 = 6*r - q*r. Is 2 a factor of r?
False
Let a = 5 + -3. Suppose -a*l = -k - 0*l + 38, k - 4*l = 30. Let j = k + -10. Is j a multiple of 14?
False
Suppose -2*t + 5*u + 83 = 0, t + 2*t = -2*u + 153. Does 22 divide t?
False
Let g be ((-2)/(-3))/((-6)/9). Let b be 15/3 - (-1)/g. Suppose -b*l + 3*l = -34. Is l a multiple of 17?
True
Let b(x) = 14*x + 4. Let d(u) = u**3 + 5*u**2 - 7*u - 2. Let l(y) = y - 9. Let p be l(3). Let o be d(p). Is 12 a factor of b(o)?
True
Let n = 802 - -47. Is n a multiple of 12?
False
Let r(s) = 2*s - 7. Let z be 15 + -15 + (0 - -29). Let i = z - 24. Is 2 a factor of r(i)?
False
Is 6 + -2 - 1214*3/(-6) a multiple of 17?
False
Let z be 4*(-2 + (-44)/(-16)). Suppose -z*n = 67 - 247. Suppose h - a = a + n, -3*h = -a - 165. Is 11 a factor of h?
False
Let s(t) = -13*t**3 + t**2 - 2*t - 16. Is s(-4) a multiple of 35?
True
Let z(m) = m**3 - 4*m**2 - 2*m - 6. Let f be z(5). Let q(r) = 9*r - 3. Let t be q(f). Suppose 4*u - t = -14. Is 8 a factor of u?
True
Let t(c) = -6*c + 1. Let b be 